
153
What is the greatest common divisor of 4851 and 846?
9
What is the highest common divisor of 172164555 and 297?
27
What is the greatest common factor of 301492 and 287622?
38
What is the greatest common divisor of 839987 and 425?
17
What is the greatest common factor of 3029 and 8749?
13
Calculate the greatest common divisor of 18 and 26904846.
6
Calculate the greatest common factor of 6030464 and 2560.
128
Calculate the highest common factor of 115470 and 15353661.
3849
What is the highest common divisor of 77121 and 18090963?
4059
Calculate the greatest common divisor of 7940378 and 2.
2
Calculate the greatest common divisor of 32 and 10420.
4
What is the highest common divisor of 115077 and 1613481?
267
What is the highest common divisor of 5044444 and 3689?
527
What is the greatest common factor of 2464775 and 3800?
475
What is the greatest common factor of 1695651 and 17505?
1167
Calculate the highest common divisor of 522 and 23041022.
58
What is the greatest common factor of 267075646 and 1382?
1382
Calculate the greatest common factor of 7016416 and 20119.
341
Calculate the highest common divisor of 726921 and 28158.
741
Calculate the highest common factor of 852 and 8657310.
6
What is the greatest common factor of 9819616 and 141?
47
Calculate the greatest common factor of 715047338 and 409.
409
What is the highest common factor of 431272 and 25100948?
4588
Calculate the greatest common factor of 68900 and 196950.
650
Calculate the greatest common factor of 305 and 11579020.
305
Calculate the greatest common divisor of 48345246 and 306.
306
What is the greatest common divisor of 2331 and 54278149?
37
Calculate the greatest common divisor of 53088 and 210336.
672
Calculate the highest common factor of 5 and 154654745.
5
Calculate the greatest common factor of 10794 and 521710.
3598
What is the highest common divisor of 1307883527 and 911?
911
What is the greatest common factor of 590621598 and 18?
18
What is the highest common divisor of 89375 and 17149?
11
What is the highest common divisor of 53 and 52221006?
53
Calculate the highest common factor of 10 and 76170910.
10
Calculate the highest common factor of 55771155 and 42939.
3303
Calculate the highest common factor of 23938290 and 35.
5
Calculate the highest common divisor of 404255 and 151450.
1165
Calculate the highest common factor of 104256 and 86976.
576
Calculate the greatest common factor of 457177446 and 8712.
2178
Calculate the highest common divisor of 1396 and 17044.
4
Calculate the highest common factor of 203089374 and 2196.
1098
What is the greatest common factor of 258 and 12036087?
129
Calculate the highest common divisor of 11388871 and 182.
13
Calculate the highest common divisor of 274095 and 6597.
9
What is the greatest common divisor of 105120807 and 242?
121
What is the greatest common factor of 16990 and 78935?
5
What is the highest common factor of 24128 and 136396?
52
Calculate the highest common divisor of 67473 and 10857.
21
Calculate the greatest common factor of 95152 and 36328.
152
What is the highest common divisor of 705186 and 1014249?
4353
Calculate the highest common factor of 89340356 and 2318.
2318
Calculate the greatest common factor of 2131316 and 1964.
4
Calculate the highest common divisor of 247254 and 25627.
49
What is the highest common factor of 1015 and 1489817?
203
What is the greatest common divisor of 19599010 and 224270?
5470
What is the highest common divisor of 180 and 12881790?
90
What is the highest common divisor of 345042 and 3654?
522
Calculate the greatest common divisor of 6 and 43763406.
6
Calculate the highest common divisor of 2686 and 795226.
34
What is the highest common factor of 3696 and 218262?
66
Calculate the highest common divisor of 10198552 and 2912.
728
Calculate the greatest common factor of 66416 and 147788053.
4151
What is the highest common factor of 17453 and 2208649?
563
What is the greatest common divisor of 29260 and 242820?
380
What is the highest common divisor of 14870016 and 112?
112
Calculate the greatest common factor of 2520644 and 91.
7
Calculate the greatest common divisor of 1261 and 163423.
13
Calculate the greatest common factor of 114 and 255478826.
38
Calculate the highest common factor of 62083 and 172493.
181
What is the highest common divisor of 100205 and 470155?
245
Calculate the highest common divisor of 145206 and 21463598.
5378
What is the highest common divisor of 245912 and 361574?
1042
What is the greatest common divisor of 39283824 and 24?
24
What is the highest common factor of 202240 and 1871115?
395
Calculate the highest common factor of 21591795 and 22005.
2445
Calculate the greatest common divisor of 6335 and 211499405.
905
Calculate the highest common divisor of 115798892 and 66.
22
Calculate the highest common factor of 23269152 and 5624.
296
What is the highest common factor of 15171946 and 4016?
502
What is the greatest common divisor of 45 and 8025210?
45
Calculate the highest common factor of 956174 and 2.
2
What is the greatest common factor of 77672 and 1412992?
1064
What is the greatest common divisor of 56892 and 670296?
132
What is the highest common divisor of 522 and 121694382?
522
What is the highest common divisor of 193087921 and 221?
221
Calculate the greatest common factor of 12554166 and 9516.
366
Calculate the greatest common factor of 654 and 98363998.
218
Calculate the highest common divisor of 8 and 90645472.
8
Calculate the greatest common factor of 10599456 and 224.
224
What is the highest common divisor of 137837 and 91490497?
4753
Calculate the greatest common factor of 52839 and 5752447.
103
Calculate the greatest common factor of 39084 and 9300.
12
What is the highest common factor of 156047 and 86?
43
What is the greatest common factor of 67664 and 2976?
16
What is the greatest common factor of 14387107 and 788?
197
Calculate the highest common divisor of 135 and 2493820.
5
Calculate the greatest common divisor of 1206583014 and 28.
14
Calculate the highest common divisor of 2731105 and 26260.
65
What is the greatest common divisor of 46311535 and 39844?
1423
Calculate the highest common factor of 64448 and 4689599.
1007
What is the greatest common divisor of 10031050 and 4?
2
Calculate the highest common divisor of 42130896 and 2448.
816
Calculate the greatest common factor of 140450 and 13250.
2650
What is the highest common divisor of 147226464 and 20790?
4158
Calculate the greatest common divisor of 3936372 and 40458.
66
Calculate the highest common factor of 9629136 and 3.
3
What is the greatest common factor of 45657 and 828768?
267
Calculate the greatest common divisor of 188448 and 111332.
52
Calculate the greatest common factor of 3706059 and 1610.
161
Calculate the highest common divisor of 14456811 and 69.
69
Calculate the greatest common divisor of 24998780 and 60.
20
What is the highest common divisor of 10968260 and 1580?
20
What is the greatest common divisor of 11804884 and 14690?
2938
Calculate the highest common divisor of 395060 and 1108.
4
What is the greatest common factor of 3796476 and 204?
12
What is the greatest common factor of 112554975 and 429?
39
What is the greatest common divisor of 73014194 and 205?
41
Calculate the greatest common divisor of 3757568 and 43952.
656
Calculate the highest common factor of 41960 and 1480.
40
Calculate the greatest common factor of 598 and 983606.
26
What is the greatest common divisor of 36 and 5621787?
9
What is the greatest common divisor of 3530 and 463659146?
706
What is the highest common divisor of 148468896 and 1728?
864
Calculate the highest common divisor of 1592677954 and 14.
14
What is the greatest common divisor of 35661500 and 2215?
2215
Calculate the highest common factor of 123 and 29319059.
41
Calculate the highest common divisor of 2941298 and 2806.
122
Calculate the greatest common factor of 37876632 and 18.
6
Calculate the highest common divisor of 7733 and 1117659.
37
Calculate the highest common factor of 12272370 and 4.
2
Calculate the highest common factor of 1910969470 and 1090.
1090
What is the greatest common factor of 584813998 and 1126?
1126
Calculate the highest common factor of 10724848 and 64.
16
What is the highest common factor of 308412